f (-1 + j)*5/i?
3
Suppose 4*q - 12 = 8. Suppose -t + 4 = 0, -2*d + q*d + 72 = 3*t. What is the tens digit of (0 - d/2) + 0?
1
Suppose -2*u = 2*u. Let f(m) = -2*m**2 + 2*m - 1. Let i be f(1). What is the units digit of u + (-2)/(-2 - i)?
2
Let n = -5 - -4. What is the units digit of (-13 - -1)*(0 + n)?
2
What is the units digit of (1 + 0)*(-2 + 133 - -2)?
3
Let b = -15 - -55. Let v be (6/4)/((-4)/b). What is the units digit of ((-8)/(-3))/((-10)/v)?
4
Let m = 119 - 56. What is the tens digit of m?
6
What is the units digit of (-2 - 0)/(4/(-18))?
9
Let y = 60 + -3. What is the tens digit of y?
5
Suppose -2*r + 550 = -4*s, 5*s = 2*r - 4*r + 541. What is the tens digit of r?
7
Suppose -3*h - h - 32 = 0. Let n be h/(-28) - (-12)/7. Let a = 9 - n. What is the units digit of a?
7
Let q = -20 - -8. What is the units digit of q/((-6)/(-9)*-3)?
6
Let t(g) be the first derivative of -7*g**2/2 - 2*g + 1. Let d be t(-2). Suppose 0 = -5*q + 38 + d. What is the tens digit of q?
1
Let f(u) = -2*u + 35. What is the tens digit of f(-11)?
5
Let y(h) = 32 + h - 12 + h - h. What is the tens digit of y(0)?
2
Suppose h + 4*z + 6 = 0, 7*z - 4*z = 3*h - 42. What is the units digit of h?
0
Suppose -4*t - 20 = 0, -126 + 46 = -5*a - 5*t. What is the tens digit of a?
2
Suppose -x + 15 = -28. Suppose 5*f + 3*t = x, 5*f - t - 37 = 2. Let l(j) = -j**3 + 7*j**2 + 10*j - 12. What is the units digit of l(f)?
4
Let w = 376 - 206. What is the tens digit of w?
7
Let f be ((-415)/(-10))/((-2)/(-4)). Suppose 5*w + 2*z = f, 4*w - z - 2*z = 48. What is the units digit of w?
5
What is the units digit of 478/6 + -5 + 52/12?
9
Suppose -2*y + 11 = 5. Suppose 7*h = y*h + 48. What is the units digit of h?
2
Suppose 3*p - 4 = 3*h + 23, 0 = 5*h + p + 21. Let f(a) = -a**3 - 4*a**2 + 3*a - 6. What is the units digit of f(h)?
4
Suppose 0 = 6*v - 4*v. Suppose 3*u - 6 = -3*m - 2*u, v = 5*u. What is the units digit of m?
2
Let b(z) = 5*z + 2. Let d be b(-2). What is the units digit of 2/d + (-13)/(-4)?
3
Suppose -i + 4 = -0*i. Suppose f + f - 12 = t, -i*f - 4*t = -36. What is the units digit of f?
7
Suppose -5*f - 2*i = -54, -4*i + 18 = 3*f - 6. Suppose 0 = 2*n + 2*n - f. What is the units digit of n/(-2)*40/(-6)?
0
Let o = -62 - -93. What is the units digit of o?
1
Let q be 10*1*(-12)/(-20). Let h = -2 + q. Suppose -h = -2*o - 0. What is the units digit of o?
2
Suppose -2*k - 11*k + 1924 = 0. What is the tens digit of k?
4
Let w(f) = f + 17. Let q be w(-8). Suppose 2*g = 5*p - 4, 1 = 2*p - 4*g + q. What is the units digit of p + (-1 + 0)/(-1)?
3
Let k be (-4)/22 - (-16)/88. Suppose -3*c - 2*c + 80 = k. What is the tens digit of c?
1
Let v be (-12)/9*(1 + 2). Let n(k) = 5*k**2 - 3 + 3 + 2 + 4*k + k**3. What is the units digit of n(v)?
2
Let t(o) = 7*o**3 + 2*o**2 - o. Let i be t(1). Suppose -4*f + 3*k = -6, f + 4*k - 2*k - 7 = 0. Suppose -f*w - 15 = -i*w. What is the units digit of w?
3
Suppose 5*m = m + 24. What is the tens digit of (-2)/m - 164/(-6)?
2
What is the units digit of 25/10*(22 - 0)?
5
Let v be (0 + 27)*3/9. Suppose 2*q + 3*t + 4 = -t, 5*q = 5*t + 35. What is the units digit of 42/v*6/q?
7
Let n(f) = 6*f - 19. Let l be n(14). Suppose 4*p = -p + l. What is the units digit of p?
3
Let i(j) = -j. Let l be i(-5). Suppose 0*a = p - 3*a + 7, l*p + 2*a = 16. Suppose -45 = -5*d + 5*h, -h + 39 = 7*d - p*d. What is the units digit of d?
8
Suppose -119 = -4*g + z, -5*z = g - 23 - 12. What is the units digit of g?
0
What is the units digit of 125 + (-3 - 2)*3/(-5)?
8
Suppose -k = 14*k - 30. What is the units digit of k?
2
Suppose 3*j - 48 = 3*u, -2*j - 2*u = -5*j + 50. What is the units digit of (3/6)/(1/j)?
9
Let j be (5/15)/(1/294). Let y = -55 + j. What is the units digit of y?
3
Let x = 231 + -113. What is the units digit of x?
8
Let m(y) = -y**2 - 5*y + 2. Let a be m(-4). Let r be (-4)/a*27/(-6). Suppose 3*f = -2*t + 7, 3*f - r*t + 2*t = 19. What is the units digit of f?
5
Let s = 2 + 1. Let y be (s/(-6))/((-2)/24). Suppose y*n - 4*n + 3*o = 15, -3*n + o + 6 = 0. What is the units digit of n?
3
What is the tens digit of (-6)/15 + 385/25?
1
Let y = 4 + -2. Suppose y*g - 24 = -4. What is the tens digit of g?
1
Let p be ((-70)/(-4))/((-3)/(-6)). Suppose 2*u - p = -2*q - 13, -2*u + 5*q = 6. What is the units digit of u?
7
Let k(b) = 2*b**2 - 15*b - 15. What is the units digit of k(12)?
3
Let c(i) = 9*i - i**2 + 4*i + 16 - 3*i. What is the units digit of c(11)?
5
Let s(j) = -156*j**3 - j**2 - 2*j - 2. What is the hundreds digit of s(-1)?
1
Let y = 7 + -5. Suppose y*m - 7*m = -15. Let s = m + -1. What is the units digit of s?
2
Let m(c) = 57*c - 25. What is the units digit of m(7)?
4
Let j(s) = -s**2 + 15*s - 13. What is the tens digit of j(11)?
3
Let y = -16 + 12. What is the tens digit of 3 - (-15 - y/(-2))?
2
Suppose -4*n = 2*v - 28, -5*v = 3*n - 17 - 25. Let s = -6 + 16. Let p = s - v. What is the units digit of p?
4
Suppose 0 = -3*x + 4*f - 91, 63 + 3 = -2*x + 4*f. Let r = x + 48. What is the units digit of r?
3
Let u(w) = 2*w**2 - w + 1. Let h be u(1). Suppose h*p - 4*v - 42 = -v, 63 = 3*p - 2*v. What is the tens digit of p?
2
Let v(w) be the second derivative of w**4/12 - w**3/2 - 7*w**2/2 - 3*w. What is the tens digit of v(6)?
1
Let r(a) = -4*a - 7. What is the units digit of r(-13)?
5
Suppose 3 = -5*u + 2*u. Let g = u + -41. What is the units digit of -5*(3 + g/10)?
6
Let h be 1/(-5) - 121/(-5). Let f = 34 - h. What is the tens digit of f?
1
Let r = 13 - 30. Let b = r - -24. What is the units digit of b?
7
Suppose -2*q = 2*v - 35 - 1, 5*v + 3*q = 88. Let s = v - 13. What is the units digit of s?
4
What is the tens digit of -3 + 6 + (0 - -35)?
3
Let i be (-220)/(-18) - (-4)/(-18). Suppose -5*p = i - 107. What is the units digit of p?
9
What is the tens digit of (-5)/((-15)/(-6)) - -86?
8
Suppose 5*c + 3*z - 2 = 45, -6 = 2*c - 5*z. Suppose -5*k = -5*y - 25, 2*k - y - c = 3. What is the units digit of k?
5
Suppose -2*w = -2*x - 6, 5*w - x = 4 - 1. Let t = -8 + w. Let r = -4 - t. What is the units digit of r?
4
Let x = 326 + -190. What is the tens digit of x?
3
Let u = 23 + -23. Suppose u = 3*h + h - 144. What is the units digit of h?
6
Let h be (0 + -112 + -1)/(-1). Suppose -7*g + 442 - h = 0. What is the units digit of g?
7
Let q(y) = -y**3 - 5*y**2 - 2*y + 3. Let g be q(-6). Let v = 92 - g. What is the units digit of v?
1
Let q(v) = -v + 1. Let h be q(1). Suppose h = -4*f - 16, -5*b + 8 = 5*f - 92. What is the tens digit of b?
2
Suppose w - 41 = 22. Suppose -3*p - a = 63, 3*p - a = a - w. What is the units digit of (-309)/p - 2/(-7)?
5
Let b(z) = z**2 - 6*z + 3. Let f be b(6). What is the units digit of ((-4)/f)/((-1)/6)?
8
Suppose 1 + 1 = r. Suppose -10 = 3*w + r*w. Let m = w + 3. What is the units digit of m?
1
Let v be (3 - 117/21)*-7. Let f = v - -2. What is the units digit of f?
0
Let r(g) = 2*g - 6. Let z be r(4). Suppose 6*h - z*h - 48 = 0. What is the units digit of h?
2
Let i(r) = -r**3 - 11*r**2 - r - 9. Let q be i(-11). Suppose l - 2*h = -4*h + q, -2*h - 18 = -4*l. What is the units digit of l?
4
Suppose 4*q = 4*t + 312, -4*q + 222 = 3*t - 104. What is the units digit of q?
0
Let p(l) = -l**2 - 30*l - 58. What is the units digit of p(-10)?
2
Suppose -293 + 101 = -4*z. Suppose 8 = 4*j - z. What is the tens digit of j?
1
Let l = 14 + -8. Suppose -l*b = -2*b + 40. Let m = b + 17. What is the units digit of m?
7
Let i(q) = -q**2 + 13*q. What is the units digit of i(12)?
2
Suppose 3*d = 2*d + 2. Suppose d*m + 85 = -83. What is the units digit of 2/(-5) - m/10?
8
Suppose -4*t + 4*z = -84, -t + 105 = 4*t + 3*z. Suppose -2*d + 9 = -4*q + 27, t = 5*q - 2*d. What is the units digit of q?
3
Suppose -3*x + 5 = -2*x. What is the units digit of (x - -4)/(6/4)?
6
Let r(m) = 32*m**3 + m**2 + 2*m + 1. Let i be r(-1). Let s = 23 + i. What is the units digit of (2 + -4)/(2/s)?
9
Suppose -6*t + 60 = -2*t. Suppose 0*g + t = s - 2*g, -3*s + 29 = -2*g. What is the units digit of s?
7
Suppose -3*z + 3*p + 44 = p, z - 8 = 4*p. What is the tens digit of z?
1
Suppose 0 = 4*u - 0*d + 4*d - 36, 0 = -5*u + 5*d + 5. Let v(t) = 2*t**2 - 4*t - 1. Let r be v(8). Suppose u*x = -0*x + r. What is the tens digit of x?
1
Let n be 6/((-12)/(-4)) - -1. Suppose -4*t = -3*i + 99, -i = 3*i + n*t - 132. What is the uni